{"id":1720,"date":"2024-03-27T05:36:47","date_gmt":"2024-03-27T05:36:47","guid":{"rendered":"https:\/\/nouvamx.com\/sitiociencias\/?page_id=1720"},"modified":"2024-03-27T05:46:14","modified_gmt":"2024-03-27T05:46:14","slug":"catalogo-de-libros","status":"publish","type":"page","link":"https:\/\/nouvamx.com\/sitiociencias\/catalogo-de-libros\/","title":{"rendered":"Cat\u00e1logo de Libros"},"content":{"rendered":"\t\t<div data-elementor-type=\"wp-page\" data-elementor-id=\"1720\" class=\"elementor elementor-1720\" data-elementor-post-type=\"page\">\n\t\t\t\t<div class=\"elementor-element elementor-element-ea44d76 e-flex e-con-boxed e-con e-parent\" data-id=\"ea44d76\" data-element_type=\"container\">\n\t\t\t\t\t<div class=\"e-con-inner\">\n\t\t\t\t<div class=\"elementor-element elementor-element-fc20eb1 elementor-widget elementor-widget-heading\" data-id=\"fc20eb1\" data-element_type=\"widget\" data-widget_type=\"heading.default\">\n\t\t\t\t<div class=\"elementor-widget-container\">\n\t\t\t<h1 class=\"elementor-heading-title elementor-size-default\">Cat\u00e1logo de Libros<\/h1>\t\t<\/div>\n\t\t\t\t<\/div>\n\t\t\t\t<div class=\"elementor-element elementor-element-ff41bc5 elementor-posts--thumbnail-left elementor-grid-3 elementor-grid-tablet-2 elementor-grid-mobile-1 load-more-align-center elementor-widget elementor-widget-posts\" data-id=\"ff41bc5\" data-element_type=\"widget\" data-settings=\"{&quot;pagination_type&quot;:&quot;load_more_on_click&quot;,&quot;classic_row_gap&quot;:{&quot;unit&quot;:&quot;px&quot;,&quot;size&quot;:60,&quot;sizes&quot;:[]},&quot;classic_columns&quot;:&quot;3&quot;,&quot;classic_columns_tablet&quot;:&quot;2&quot;,&quot;classic_columns_mobile&quot;:&quot;1&quot;,&quot;classic_row_gap_tablet&quot;:{&quot;unit&quot;:&quot;px&quot;,&quot;size&quot;:&quot;&quot;,&quot;sizes&quot;:[]},&quot;classic_row_gap_mobile&quot;:{&quot;unit&quot;:&quot;px&quot;,&quot;size&quot;:&quot;&quot;,&quot;sizes&quot;:[]},&quot;load_more_spinner&quot;:{&quot;value&quot;:&quot;fas fa-spinner&quot;,&quot;library&quot;:&quot;fa-solid&quot;}}\" data-widget_type=\"posts.classic\">\n\t\t\t\t<div class=\"elementor-widget-container\">\n\t\t\t\t\t<div class=\"elementor-posts-container elementor-posts elementor-posts--skin-classic elementor-grid\">\n\t\t\t\t<article class=\"elementor-post elementor-grid-item post-1718 libro type-libro status-publish has-post-thumbnail hentry\">\n\t\t\t\t<a class=\"elementor-post__thumbnail__link\" href=\"https:\/\/nouvamx.com\/sitiociencias\/libro\/totalitarismo-y-fecundidad-la-filosofia-frente-a-auschwitz\/\" tabindex=\"-1\" >\n\t\t\t<div class=\"elementor-post__thumbnail\"><img fetchpriority=\"high\" decoding=\"async\" width=\"429\" height=\"597\" src=\"https:\/\/nouvamx.com\/sitiociencias\/wp-content\/uploads\/libro_cover_Totalitarismo.jpg\" class=\"attachment-full size-full wp-image-1709\" alt=\"Totalitarismo y fecundidad\" srcset=\"https:\/\/nouvamx.com\/sitiociencias\/wp-content\/uploads\/libro_cover_Totalitarismo.jpg 429w, https:\/\/nouvamx.com\/sitiociencias\/wp-content\/uploads\/libro_cover_Totalitarismo-216x300.jpg 216w\" sizes=\"(max-width: 429px) 100vw, 429px\" \/><\/div>\n\t\t<\/a>\n\t\t\t\t<div class=\"elementor-post__text\">\n\t\t\t\t<h3 class=\"elementor-post__title\">\n\t\t\t<a href=\"https:\/\/nouvamx.com\/sitiociencias\/libro\/totalitarismo-y-fecundidad-la-filosofia-frente-a-auschwitz\/\" >\n\t\t\t\tTotalitarismo y fecundidad: La filosof\u00eda frente a Auschwitz\t\t\t<\/a>\n\t\t<\/h3>\n\t\t\t\t<div class=\"elementor-post__excerpt\">\n\t\t\t<p>Este libro es una defensa del primado filos\u00f3fico de la Trascendencia del Otro frente a la Totalidad del\t\t<\/div>\n\t\t\n\t\t<a class=\"elementor-post__read-more\" href=\"https:\/\/nouvamx.com\/sitiociencias\/libro\/totalitarismo-y-fecundidad-la-filosofia-frente-a-auschwitz\/\" aria-label=\"M\u00e1s informaci\u00f3n sobre Totalitarismo y fecundidad: La filosof\u00eda frente a Auschwitz\" tabindex=\"-1\" >\n\t\t\tLeer m\u00e1s +\t\t<\/a>\n\n\t\t\t\t<\/div>\n\t\t\t\t<\/article>\n\t\t\t\t<article class=\"elementor-post elementor-grid-item post-1717 libro type-libro status-publish has-post-thumbnail hentry\">\n\t\t\t\t<a class=\"elementor-post__thumbnail__link\" href=\"https:\/\/nouvamx.com\/sitiociencias\/libro\/poesia-cantos-y-relatos\/\" tabindex=\"-1\" >\n\t\t\t<div class=\"elementor-post__thumbnail\"><img decoding=\"async\" width=\"414\" height=\"635\" src=\"https:\/\/nouvamx.com\/sitiociencias\/wp-content\/uploads\/libro_cover_PoesiaCantos.jpg\" class=\"attachment-full size-full wp-image-1708\" alt=\"Poes\u00eda, cantos y relatos\" srcset=\"https:\/\/nouvamx.com\/sitiociencias\/wp-content\/uploads\/libro_cover_PoesiaCantos.jpg 414w, https:\/\/nouvamx.com\/sitiociencias\/wp-content\/uploads\/libro_cover_PoesiaCantos-196x300.jpg 196w\" sizes=\"(max-width: 414px) 100vw, 414px\" \/><\/div>\n\t\t<\/a>\n\t\t\t\t<div class=\"elementor-post__text\">\n\t\t\t\t<h3 class=\"elementor-post__title\">\n\t\t\t<a href=\"https:\/\/nouvamx.com\/sitiociencias\/libro\/poesia-cantos-y-relatos\/\" >\n\t\t\t\tPoes\u00eda, cantos y relatos\t\t\t<\/a>\n\t\t<\/h3>\n\t\t\t\t<div class=\"elementor-post__excerpt\">\n\t\t\t<p>Distintas formas de expresar vivencias sentimientos recuerdos episodios e instantes capturados por la sensibilidad sencilla sin m\u00e1s pretensi\u00f3n\t\t<\/div>\n\t\t\n\t\t<a class=\"elementor-post__read-more\" href=\"https:\/\/nouvamx.com\/sitiociencias\/libro\/poesia-cantos-y-relatos\/\" aria-label=\"M\u00e1s informaci\u00f3n sobre Poes\u00eda, cantos y relatos\" tabindex=\"-1\" >\n\t\t\tLeer m\u00e1s +\t\t<\/a>\n\n\t\t\t\t<\/div>\n\t\t\t\t<\/article>\n\t\t\t\t<article class=\"elementor-post elementor-grid-item post-1716 libro type-libro status-publish has-post-thumbnail hentry\">\n\t\t\t\t<a class=\"elementor-post__thumbnail__link\" href=\"https:\/\/nouvamx.com\/sitiociencias\/libro\/filosofia-y-educacion\/\" tabindex=\"-1\" >\n\t\t\t<div class=\"elementor-post__thumbnail\"><img decoding=\"async\" width=\"437\" height=\"617\" src=\"https:\/\/nouvamx.com\/sitiociencias\/wp-content\/uploads\/libro_cover_FilosofiayEducacion-.jpg\" class=\"attachment-full size-full wp-image-1703\" alt=\"Filosof\u00eda y Educaci\u00f3n\" srcset=\"https:\/\/nouvamx.com\/sitiociencias\/wp-content\/uploads\/libro_cover_FilosofiayEducacion-.jpg 437w, https:\/\/nouvamx.com\/sitiociencias\/wp-content\/uploads\/libro_cover_FilosofiayEducacion--212x300.jpg 212w\" sizes=\"(max-width: 437px) 100vw, 437px\" \/><\/div>\n\t\t<\/a>\n\t\t\t\t<div class=\"elementor-post__text\">\n\t\t\t\t<h3 class=\"elementor-post__title\">\n\t\t\t<a href=\"https:\/\/nouvamx.com\/sitiociencias\/libro\/filosofia-y-educacion\/\" >\n\t\t\t\tFilosof\u00eda y Educaci\u00f3n\t\t\t<\/a>\n\t\t<\/h3>\n\t\t\t\t<div class=\"elementor-post__excerpt\">\n\t\t\t<p>Creemos que educar con intenciones proponer ambientes, es propiciar espacios, construir encuentros, bajo estas premisas, durante el oto\u00f1o\t\t<\/div>\n\t\t\n\t\t<a class=\"elementor-post__read-more\" href=\"https:\/\/nouvamx.com\/sitiociencias\/libro\/filosofia-y-educacion\/\" aria-label=\"M\u00e1s informaci\u00f3n sobre Filosof\u00eda y Educaci\u00f3n\" tabindex=\"-1\" >\n\t\t\tLeer m\u00e1s +\t\t<\/a>\n\n\t\t\t\t<\/div>\n\t\t\t\t<\/article>\n\t\t\t\t<article class=\"elementor-post elementor-grid-item post-1715 libro type-libro status-publish has-post-thumbnail hentry\">\n\t\t\t\t<a class=\"elementor-post__thumbnail__link\" href=\"https:\/\/nouvamx.com\/sitiociencias\/libro\/la-funcion-docente-problemas-y-perspectivas\/\" tabindex=\"-1\" >\n\t\t\t<div class=\"elementor-post__thumbnail\"><img loading=\"lazy\" decoding=\"async\" width=\"437\" height=\"593\" src=\"https:\/\/nouvamx.com\/sitiociencias\/wp-content\/uploads\/libro_cover_funcionDocente.jpg\" class=\"attachment-full size-full wp-image-1704\" alt=\"La funci\u00f3n docente: problemas y perspectivas\" srcset=\"https:\/\/nouvamx.com\/sitiociencias\/wp-content\/uploads\/libro_cover_funcionDocente.jpg 437w, https:\/\/nouvamx.com\/sitiociencias\/wp-content\/uploads\/libro_cover_funcionDocente-221x300.jpg 221w\" sizes=\"(max-width: 437px) 100vw, 437px\" \/><\/div>\n\t\t<\/a>\n\t\t\t\t<div class=\"elementor-post__text\">\n\t\t\t\t<h3 class=\"elementor-post__title\">\n\t\t\t<a href=\"https:\/\/nouvamx.com\/sitiociencias\/libro\/la-funcion-docente-problemas-y-perspectivas\/\" >\n\t\t\t\tLa funci\u00f3n docente: problemas y perspectivas\t\t\t<\/a>\n\t\t<\/h3>\n\t\t\t\t<div class=\"elementor-post__excerpt\">\n\t\t\t<p>Tiene como finalidad captar, atrapar, recuperar y mostrar aquellas redes de influencia que configuran la vida cotidiana de\t\t<\/div>\n\t\t\n\t\t<a class=\"elementor-post__read-more\" href=\"https:\/\/nouvamx.com\/sitiociencias\/libro\/la-funcion-docente-problemas-y-perspectivas\/\" aria-label=\"M\u00e1s informaci\u00f3n sobre La funci\u00f3n docente: problemas y perspectivas\" tabindex=\"-1\" >\n\t\t\tLeer m\u00e1s +\t\t<\/a>\n\n\t\t\t\t<\/div>\n\t\t\t\t<\/article>\n\t\t\t\t<article class=\"elementor-post elementor-grid-item post-1714 libro type-libro status-publish has-post-thumbnail hentry\">\n\t\t\t\t<a class=\"elementor-post__thumbnail__link\" href=\"https:\/\/nouvamx.com\/sitiociencias\/libro\/educacion-y-filosofia-del-lenguaje\/\" tabindex=\"-1\" >\n\t\t\t<div class=\"elementor-post__thumbnail\"><img loading=\"lazy\" decoding=\"async\" width=\"382\" height=\"512\" src=\"https:\/\/nouvamx.com\/sitiociencias\/wp-content\/uploads\/libro_cover_EducacionyFilosofia.jpg\" class=\"attachment-full size-full wp-image-1702\" alt=\"Educaci\u00f3n y filosof\u00eda del lenguaje\" srcset=\"https:\/\/nouvamx.com\/sitiociencias\/wp-content\/uploads\/libro_cover_EducacionyFilosofia.jpg 382w, https:\/\/nouvamx.com\/sitiociencias\/wp-content\/uploads\/libro_cover_EducacionyFilosofia-224x300.jpg 224w\" sizes=\"(max-width: 382px) 100vw, 382px\" \/><\/div>\n\t\t<\/a>\n\t\t\t\t<div class=\"elementor-post__text\">\n\t\t\t\t<h3 class=\"elementor-post__title\">\n\t\t\t<a href=\"https:\/\/nouvamx.com\/sitiociencias\/libro\/educacion-y-filosofia-del-lenguaje\/\" >\n\t\t\t\tEducaci\u00f3n y filosof\u00eda del lenguaje\t\t\t<\/a>\n\t\t<\/h3>\n\t\t\t\t<div class=\"elementor-post__excerpt\">\n\t\t\t<p>La disertaci\u00f3n sobre diversas aristas del fen\u00f3meno educativo, a trav\u00e9s de los puntuales ensayos que dan sentido al\t\t<\/div>\n\t\t\n\t\t<a class=\"elementor-post__read-more\" href=\"https:\/\/nouvamx.com\/sitiociencias\/libro\/educacion-y-filosofia-del-lenguaje\/\" aria-label=\"M\u00e1s informaci\u00f3n sobre Educaci\u00f3n y filosof\u00eda del lenguaje\" tabindex=\"-1\" >\n\t\t\tLeer m\u00e1s +\t\t<\/a>\n\n\t\t\t\t<\/div>\n\t\t\t\t<\/article>\n\t\t\t\t<article class=\"elementor-post elementor-grid-item post-1713 libro type-libro status-publish has-post-thumbnail hentry\">\n\t\t\t\t<a class=\"elementor-post__thumbnail__link\" href=\"https:\/\/nouvamx.com\/sitiociencias\/libro\/gestion-escolar-e-identidad-docente-dialectica-entre-la-construccion-comun-y-la-formacion-profesional\/\" tabindex=\"-1\" >\n\t\t\t<div class=\"elementor-post__thumbnail\"><img loading=\"lazy\" decoding=\"async\" width=\"346\" height=\"497\" src=\"https:\/\/nouvamx.com\/sitiociencias\/wp-content\/uploads\/libro_cover_GestionEscolars.jpg\" class=\"attachment-full size-full wp-image-1705\" alt=\"Gesti\u00f3n Escolar e Identidad Docente Dial\u00e9ctica entre la Construcci\u00f3n Com\u00fan y La Formaci\u00f3n Profesional\" srcset=\"https:\/\/nouvamx.com\/sitiociencias\/wp-content\/uploads\/libro_cover_GestionEscolars.jpg 346w, https:\/\/nouvamx.com\/sitiociencias\/wp-content\/uploads\/libro_cover_GestionEscolars-209x300.jpg 209w\" sizes=\"(max-width: 346px) 100vw, 346px\" \/><\/div>\n\t\t<\/a>\n\t\t\t\t<div class=\"elementor-post__text\">\n\t\t\t\t<h3 class=\"elementor-post__title\">\n\t\t\t<a href=\"https:\/\/nouvamx.com\/sitiociencias\/libro\/gestion-escolar-e-identidad-docente-dialectica-entre-la-construccion-comun-y-la-formacion-profesional\/\" >\n\t\t\t\tGesti\u00f3n Escolar e Identidad Docente Dial\u00e9ctica entre la Construcci\u00f3n Com\u00fan y La Formaci\u00f3n Profesional\t\t\t<\/a>\n\t\t<\/h3>\n\t\t\t\t<div class=\"elementor-post__excerpt\">\n\t\t\t<p>Plantea la actualizaci\u00f3n permanente de docentes y directivos a trav\u00e9s de grupos colaborativos de aprendizaje que se integren\t\t<\/div>\n\t\t\n\t\t<a class=\"elementor-post__read-more\" href=\"https:\/\/nouvamx.com\/sitiociencias\/libro\/gestion-escolar-e-identidad-docente-dialectica-entre-la-construccion-comun-y-la-formacion-profesional\/\" aria-label=\"M\u00e1s informaci\u00f3n sobre Gesti\u00f3n Escolar e Identidad Docente Dial\u00e9ctica entre la Construcci\u00f3n Com\u00fan y La Formaci\u00f3n Profesional\" tabindex=\"-1\" >\n\t\t\tLeer m\u00e1s +\t\t<\/a>\n\n\t\t\t\t<\/div>\n\t\t\t\t<\/article>\n\t\t\t\t<article class=\"elementor-post elementor-grid-item post-1712 libro type-libro status-publish has-post-thumbnail hentry\">\n\t\t\t\t<a class=\"elementor-post__thumbnail__link\" href=\"https:\/\/nouvamx.com\/sitiociencias\/libro\/nuevos-escenarios-y-desafios-para-los-sistemas-educativos-de-america-latina-una-mirada-critica-y-propositiva-desde-sus-actores\/\" tabindex=\"-1\" >\n\t\t\t<div class=\"elementor-post__thumbnail\"><img loading=\"lazy\" decoding=\"async\" width=\"427\" height=\"603\" src=\"https:\/\/nouvamx.com\/sitiociencias\/wp-content\/uploads\/libro_cover_NuevosEscenarios.jpg\" class=\"attachment-full size-full wp-image-1706\" alt=\"Nuevos escenarios y desaf\u00edos para los sistemas educativos de Am\u00e9rica latina una mirada cr\u00edtica y propositiva desde sus actores\" srcset=\"https:\/\/nouvamx.com\/sitiociencias\/wp-content\/uploads\/libro_cover_NuevosEscenarios.jpg 427w, https:\/\/nouvamx.com\/sitiociencias\/wp-content\/uploads\/libro_cover_NuevosEscenarios-212x300.jpg 212w\" sizes=\"(max-width: 427px) 100vw, 427px\" \/><\/div>\n\t\t<\/a>\n\t\t\t\t<div class=\"elementor-post__text\">\n\t\t\t\t<h3 class=\"elementor-post__title\">\n\t\t\t<a href=\"https:\/\/nouvamx.com\/sitiociencias\/libro\/nuevos-escenarios-y-desafios-para-los-sistemas-educativos-de-america-latina-una-mirada-critica-y-propositiva-desde-sus-actores\/\" >\n\t\t\t\tNuevos escenarios y desaf\u00edos para los sistemas educativos de Am\u00e9rica latina una mirada cr\u00edtica y propositiva desde sus actores\t\t\t<\/a>\n\t\t<\/h3>\n\t\t\t\t<div class=\"elementor-post__excerpt\">\n\t\t\t<p>Los art\u00edculos de este libro muestran escenarios preocupantes pero tambi\u00e9n identifican variadas iniciativas para cambiar la situaci\u00f3n actual\t\t<\/div>\n\t\t\n\t\t<a class=\"elementor-post__read-more\" href=\"https:\/\/nouvamx.com\/sitiociencias\/libro\/nuevos-escenarios-y-desafios-para-los-sistemas-educativos-de-america-latina-una-mirada-critica-y-propositiva-desde-sus-actores\/\" aria-label=\"M\u00e1s informaci\u00f3n sobre Nuevos escenarios y desaf\u00edos para los sistemas educativos de Am\u00e9rica latina una mirada cr\u00edtica y propositiva desde sus actores\" tabindex=\"-1\" >\n\t\t\tLeer m\u00e1s +\t\t<\/a>\n\n\t\t\t\t<\/div>\n\t\t\t\t<\/article>\n\t\t\t\t<article class=\"elementor-post elementor-grid-item post-1711 libro type-libro status-publish has-post-thumbnail hentry\">\n\t\t\t\t<a class=\"elementor-post__thumbnail__link\" href=\"https:\/\/nouvamx.com\/sitiociencias\/libro\/catalogo-de-tesis-de-posgrado-de-la-escuela-de-ciencias-de-la-educacion\/\" tabindex=\"-1\" >\n\t\t\t<div class=\"elementor-post__thumbnail\"><img loading=\"lazy\" decoding=\"async\" width=\"425\" height=\"666\" src=\"https:\/\/nouvamx.com\/sitiociencias\/wp-content\/uploads\/libro_cover_CatalogodeTesis.jpg\" class=\"attachment-full size-full wp-image-1701\" alt=\"Cat\u00e1logo de Tesis de Posgrado de la Escuela de Ciencias de la Educaci\u00f3n\" srcset=\"https:\/\/nouvamx.com\/sitiociencias\/wp-content\/uploads\/libro_cover_CatalogodeTesis.jpg 425w, https:\/\/nouvamx.com\/sitiociencias\/wp-content\/uploads\/libro_cover_CatalogodeTesis-191x300.jpg 191w\" sizes=\"(max-width: 425px) 100vw, 425px\" \/><\/div>\n\t\t<\/a>\n\t\t\t\t<div class=\"elementor-post__text\">\n\t\t\t\t<h3 class=\"elementor-post__title\">\n\t\t\t<a href=\"https:\/\/nouvamx.com\/sitiociencias\/libro\/catalogo-de-tesis-de-posgrado-de-la-escuela-de-ciencias-de-la-educacion\/\" >\n\t\t\t\tCat\u00e1logo de Tesis de Posgrado de la Escuela de Ciencias de la Educaci\u00f3n\t\t\t<\/a>\n\t\t<\/h3>\n\t\t\t\t<div class=\"elementor-post__excerpt\">\n\t\t\t<p>Este es el segundo cat\u00e1logo de tesis elaborado por la Caip y constituye un valioso documento que registra\t\t<\/div>\n\t\t\n\t\t<a class=\"elementor-post__read-more\" href=\"https:\/\/nouvamx.com\/sitiociencias\/libro\/catalogo-de-tesis-de-posgrado-de-la-escuela-de-ciencias-de-la-educacion\/\" aria-label=\"M\u00e1s informaci\u00f3n sobre Cat\u00e1logo de Tesis de Posgrado de la Escuela de Ciencias de la Educaci\u00f3n\" tabindex=\"-1\" >\n\t\t\tLeer m\u00e1s +\t\t<\/a>\n\n\t\t\t\t<\/div>\n\t\t\t\t<\/article>\n\t\t\t\t<article class=\"elementor-post elementor-grid-item post-1700 libro type-libro status-publish has-post-thumbnail hentry\">\n\t\t\t\t<a class=\"elementor-post__thumbnail__link\" href=\"https:\/\/nouvamx.com\/sitiociencias\/libro\/nuevos-saberes-y-actores-en-la-educacion\/\" tabindex=\"-1\" >\n\t\t\t<div class=\"elementor-post__thumbnail\"><img loading=\"lazy\" decoding=\"async\" width=\"378\" height=\"535\" src=\"https:\/\/nouvamx.com\/sitiociencias\/wp-content\/uploads\/libro_cover_NuevosSaberes.jpg\" class=\"attachment-full size-full wp-image-1707\" alt=\"Nuevos saberes y actores en la educaci\u00f3n\" srcset=\"https:\/\/nouvamx.com\/sitiociencias\/wp-content\/uploads\/libro_cover_NuevosSaberes.jpg 378w, https:\/\/nouvamx.com\/sitiociencias\/wp-content\/uploads\/libro_cover_NuevosSaberes-212x300.jpg 212w\" sizes=\"(max-width: 378px) 100vw, 378px\" \/><\/div>\n\t\t<\/a>\n\t\t\t\t<div class=\"elementor-post__text\">\n\t\t\t\t<h3 class=\"elementor-post__title\">\n\t\t\t<a href=\"https:\/\/nouvamx.com\/sitiociencias\/libro\/nuevos-saberes-y-actores-en-la-educacion\/\" >\n\t\t\t\tNuevos saberes y actores en la educaci\u00f3n\t\t\t<\/a>\n\t\t<\/h3>\n\t\t\t\t<div class=\"elementor-post__excerpt\">\n\t\t\t<p>Compilaci\u00f3n de propuestas, que son solo una peque\u00f1a parte de las presentadas en el Congreso, pero que hablan\t\t<\/div>\n\t\t\n\t\t<a class=\"elementor-post__read-more\" href=\"https:\/\/nouvamx.com\/sitiociencias\/libro\/nuevos-saberes-y-actores-en-la-educacion\/\" aria-label=\"M\u00e1s informaci\u00f3n sobre Nuevos saberes y actores en la educaci\u00f3n\" tabindex=\"-1\" >\n\t\t\tLeer m\u00e1s +\t\t<\/a>\n\n\t\t\t\t<\/div>\n\t\t\t\t<\/article>\n\t\t\t\t<\/div>\n\t\t\t\t\t<span class=\"e-load-more-spinner\">\n\t\t\t\t<svg aria-hidden=\"true\" class=\"e-font-icon-svg e-fas-spinner\" viewBox=\"0 0 512 512\" xmlns=\"http:\/\/www.w3.org\/2000\/svg\"><path d=\"M304 48c0 26.51-21.49 48-48 48s-48-21.49-48-48 21.49-48 48-48 48 21.49 48 48zm-48 368c-26.51 0-48 21.49-48 48s21.49 48 48 48 48-21.49 48-48-21.49-48-48-48zm208-208c-26.51 0-48 21.49-48 48s21.49 48 48 48 48-21.49 48-48-21.49-48-48-48zM96 256c0-26.51-21.49-48-48-48S0 229.49 0 256s21.49 48 48 48 48-21.49 48-48zm12.922 99.078c-26.51 0-48 21.49-48 48s21.49 48 48 48 48-21.49 48-48c0-26.509-21.491-48-48-48zm294.156 0c-26.51 0-48 21.49-48 48s21.49 48 48 48 48-21.49 48-48c0-26.509-21.49-48-48-48zM108.922 60.922c-26.51 0-48 21.49-48 48s21.49 48 48 48 48-21.49 48-48-21.491-48-48-48z\"><\/path><\/svg>\t\t\t<\/span>\n\t\t\n\t\t\t\t<div class=\"e-load-more-anchor\" data-page=\"1\" data-max-page=\"2\" data-next-page=\"https:\/\/nouvamx.com\/sitiociencias\/wp-json\/wp\/v2\/pages\/1720\/page\/2\/\"><\/div>\n\t\t\t\t<div class=\"elementor-button-wrapper\">\n\t\t\t<a href=\"#\" class=\"elementor-button-link elementor-button\" role=\"button\">\n\t\t\t\t\t\t<span class=\"elementor-button-content-wrapper\">\n\t\t\t\t\t\t\t\t\t<span class=\"elementor-button-text\">Cargar m\u00e1s<\/span>\n\t\t\t\t\t<\/span>\n\t\t\t\t\t<\/a>\n\t\t<\/div>\n\t\t\t\t<div class=\"e-load-more-message\"><\/div>\n\t\t\t\t<\/div>\n\t\t\t\t<\/div>\n\t\t\t\t\t<\/div>\n\t\t\t\t<\/div>\n\t\t\t\t<\/div>\n\t\t","protected":false},"excerpt":{"rendered":"","protected":false},"author":1,"featured_media":0,"parent":0,"menu_order":0,"comment_status":"closed","ping_status":"closed","template":"elementor_header_footer","meta":{"footnotes":""},"_links":{"self":[{"href":"https:\/\/nouvamx.com\/sitiociencias\/wp-json\/wp\/v2\/pages\/1720"}],"collection":[{"href":"https:\/\/nouvamx.com\/sitiociencias\/wp-json\/wp\/v2\/pages"}],"about":[{"href":"https:\/\/nouvamx.com\/sitiociencias\/wp-json\/wp\/v2\/types\/page"}],"author":[{"embeddable":true,"href":"https:\/\/nouvamx.com\/sitiociencias\/wp-json\/wp\/v2\/users\/1"}],"replies":[{"embeddable":true,"href":"https:\/\/nouvamx.com\/sitiociencias\/wp-json\/wp\/v2\/comments?post=1720"}],"version-history":[{"count":7,"href":"https:\/\/nouvamx.com\/sitiociencias\/wp-json\/wp\/v2\/pages\/1720\/revisions"}],"predecessor-version":[{"id":1731,"href":"https:\/\/nouvamx.com\/sitiociencias\/wp-json\/wp\/v2\/pages\/1720\/revisions\/1731"}],"wp:attachment":[{"href":"https:\/\/nouvamx.com\/sitiociencias\/wp-json\/wp\/v2\/media?parent=1720"}],"curies":[{"name":"wp","href":"https:\/\/api.w.org\/{rel}","templated":true}]}}